+ 12131, -3*s + 46555 = 2*f. Is s prime?
False
Suppose 10 = 12*z - 26. Suppose -5*l + 8376 = z*l. Is l composite?
True
Suppose -3*c - 20 = -5*c. Is c/(1 + 138/(-142)) prime?
False
Let a be -1 + 34*3/(-6). Let l(g) = -g**2 - 13*g - 13. Let h be l(-12). Is (a/(-27))/(h/(-237)) a composite number?
True
Is -10 + -6 + 2605/1 a composite number?
True
Suppose -14 = 5*r - 34. Is ((-112)/24 + r)/(4/(-5946)) composite?
False
Suppose -28 = 3*g - 7*g. Let c(v) = 4 + 6 + v**2 - 10*v + 3*v. Is c(g) prime?
False
Let f(i) = -78249*i**3 - 4*i**2 + i + 5. Is f(-1) composite?
True
Suppose -304 = 5*i - 9609. Is i composite?
False
Let g(u) = u**3 - 6*u**2 - 45*u + 31. Is g(15) a composite number?
False
Let d = -10309 + 15170. Is d a composite number?
False
Suppose -1226 = -4*a + z, 5*a - 1520 = -3*z - 2*z. Let o = a - 173. Is o a composite number?
True
Let y(b) = -814*b. Let r be y(-1). Let l = r + -479. Is l a prime number?
False
Let k(c) = 2*c + 562. Let h be k(0). Suppose 2*w - 602 - h = 0. Suppose -l + w = l. Is l composite?
True
Let p(y) be the third derivative of y**4/12 - 4*y**3/3 - 7*y**2. Let u be p(6). Is (u/1 - 9)*-29 a composite number?
True
Let h(j) = -8*j**3 + j**2 - 5*j - 9. Let w(u) = -9*u**3 - 6*u - 10. Let n(x) = -5*h(x) + 4*w(x). Let m = 1 - -3. Is n(m) prime?
False
Let g = -38 - 106. Let p = g + 559. Is p composite?
True
Let s = -39 - -42. Suppose -1754 = -s*m + 4387. Is m a prime number?
False
Suppose -4*i + 2*y + 3*y + 84689 = 0, 1 = -y. Is i a prime number?
False
Suppose 3*m - 16 = 5. Suppose -2*a + 1344 = 2*u, m*u - 676 = 6*u + a. Is u a composite number?
True
Let s = 4368 + -2711. Is s composite?
False
Is ((-7101)/108)/((-1)/28) composite?
True
Suppose 5*n = 6*n - 4. Suppose -631 + 3842 = 5*b - 3*j, 0 = 3*b + n*j - 1915. Is b composite?
False
Let y be ((-3)/(-2))/3 + 155/10. Is y/(-6)*(-1 - 917/4) prime?
False
Suppose 2*x - 13 = 3. Is ((-580)/x)/(1/(-2)) a prime number?
False
Is (26747/(-14))/((10/(-5))/4) prime?
True
Let u = -12 + 235. Let p = -66 + u. Is p composite?
False
Let x be (8 + -383)/(-2 - -1). Suppose 3*i - 2 = 4*t + 5, t = 3*i - 13. Suppose t*a - 166 = -5*o, 3*o + 40 = 5*a - x. Is a a composite number?
False
Let a be 20/30 + (-13)/(-3). Suppose 621 = 2*g - a*g. Is (g/6)/((-4)/8) composite?
True
Suppose 30 = 2*i - 4. Suppose -5*l - 13 = 4*t + 2, -3*t - 13 = 2*l. Is i - 1/(l/2) prime?
False
Let v(c) = c**3 - 44*c**2 + 301*c + 23. Is v(41) prime?
True
Suppose 92*d - 100*d = -172456. Is d a prime number?
True
Let a(w) = 37*w**2 - 9*w - 11. Let h = -78 + 73. Is a(h) composite?
True
Suppose -3*q = o + 590 - 5881, -5283 = -3*q + 3*o. Suppose r - 1194 - q = 0. Is r prime?
True
Suppose 1266 + 2750 = 2*d. Suppose 3*u = u + d. Suppose m - v - 251 = 0, 7*m = 3*m + 3*v + u. Is m composite?
False
Let h(v) = -v**2 - 17*v + 14. Let d be h(-18). Is d - (-1 + -37*17) prime?
False
Let x(k) = -2*k + 17. Let r be x(7). Is (-16625)/(-15) - (-2)/r a composite number?
False
Let z = 16 - 13. Suppose -z*b + b + 4588 = -2*u, b - 5*u = 2274. Suppose 4776 = 5*o - b. Is o composite?
True
Is (-510312)/(-12) - (5 - (-3 - -1)) a composite number?
True
Suppose 0 = 21*i - 17*i, 2*c + 5*i = 64690. Is c a prime number?
False
Let v(c) = -72*c**3 + 2*c**2 - 8*c - 37. Is v(-3) a composite number?
False
Suppose 0 = -3*a - 61 + 73. Suppose -a*l - 549 = -2897. Is l prime?
True
Suppose 0*v = -2*v + 566. Let p = 3070 + v. Is p a composite number?
True
Let l = -1353 - 2440. Is l/4*(-10 - -6) a composite number?
False
Suppose o - 5*s - 57049 = 0, 3*o - s - 234442 + 63351 = 0. Is o a prime number?
False
Let d(f) = -4 - f**3 - 4*f**2 - 4*f + 0*f + f. Let t be d(-4). Is 1 + 2 - t/(-1) a prime number?
True
Let j = -3779 + -843. Let k = j + 7343. Is k composite?
True
Suppose -2*s + 5*v + 34176 = 0, -3*s + 75388 = -5*v + 24119. Is s a prime number?
True
Is -7 - -10094 - (1 + -5) prime?
True
Suppose -3*g + 1 + 28 = -4*k, 10 = 2*g + 2*k. Suppose g*c = c + 24. Suppose c*w - 1167 = w. Is w a prime number?
True
Suppose -q = -6*q + 110. Is (-1*39/(-6))/(1/q) composite?
True
Is (-196639)/(-27) + 78/1053 a prime number?
True
Suppose -4*k + 5083 + 4033 = 0. Is k a prime number?
False
Let t = -82198 - -115937. Is t prime?
True
Let v be -1 + 0 + -276 + 3 - -3. Let w = 540 + v. Is w a composite number?
False
Let s be (20010/(-24))/(3/(-12)). Let d = -2274 + s. Is d prime?
True
Suppose 2*g + 3*s - 2299 = 0, 4*g + 6*s - 4592 = 2*s. Let r = g - 464. Is r a composite number?
True
Suppose -5*z = -5*q + 40, z = -6*q + 2*q + 12. Let w be (q/(-5))/((-2)/10). Suppose -4*x - 39 = w*a - 139, -5*x + 41 = a. Is a composite?
True
Suppose 5*s = 5 + 15. Let y be (1 - 1/2)*s. Is (y - 0)*409/2 composite?
False
Let n = 115 - 83. Let p(m) = 11*m**2 - 3*m - 5. Let v be p(4). Let s = v - n. Is s prime?
True
Suppose 5*x - 3*y = 6*x - 38210, -3*y = -2*x + 76447. Is x composite?
False
Let v = 1379 + 3068. Is v a prime number?
True
Let p be -1 - (-12 - (-1)/1). Let n be (25/p + -3)*8. Is -2 + -12*n*2 prime?
False
Suppose 6*j = -2906 + 48512. Is j prime?
False
Let w = 1900 + -641. Is w prime?
True
Let p(h) = 5*h + 13. Let t be p(4). Let d = -33 + t. Suppose -2*n - 6 = d, -2*f + 3*n = -692 - 79. Is f a composite number?
True
Let i = -1 + 3. Let o(r) = r + 255*r**2 + 0*r - 88*r**i + 276*r**2 + 1. Is o(-1) a composite number?
False
Let d be 6/(-27) - (-2)/9. Suppose p = -3*x + 18, p + 4*x = 22 + 1. Is 36 - (d + p + -2) prime?
False
Let f = 5720 + -3959. Is f a prime number?
False
Let n = 2582 - 429. Is n composite?
False
Let q = 59 + 204. Let h = q - 136. Is h a composite number?
False
Suppose -o = -5*d + 4*o + 77525, -3*d + 46499 = 5*o. Is d prime?
False
Let k = -6445 + 11816. Is k a composite number?
True
Suppose -v - 3 = 0, 8*g - 9*g + 2*v = -5785. Is g a composite number?
False
Let r(z) = z**2 + 3*z - 7. Suppose -5*h + 2*h = -30. Let t be r(h). Suppose -n = c - 99, 5*n + t = c - 0*c. Is c a composite number?
False
Suppose -2*p + 2*m + 2 = -2, 4*m = 8. Suppose -608 = 3*v - 5*y, 2*v - 3*v - 198 = -p*y. Let w = -117 - v. Is w a composite number?
False
Let i(t) be the second derivative of 5*t**4/6 - 5*t**3/6 + 2*t**2 - 3*t. Suppose -9*j + 3 = -8*j. Is i(j) a composite number?
False
Let q(g) = -96*g - 7. Let h be q(-17). Let b = -812 + h. Is b prime?
False
Let x be 8/6 - 10/(-15). Suppose -3*z + 2*m + 0*m = -559, -189 = -z - x*m. Is z a prime number?
False
Let p(i) = 135*i**2 + 37*i + 31. Is p(-12) a prime number?
False
Suppose 0 = p + y + 16, p + 4*p + 4*y + 82 = 0. Let x = p - -12. Is ((-194)/x)/((-2)/(-6)) a prime number?
True
Let c be -1*(-3)/9*0. Let o = 4 + c. Suppose -4*n + o = -12. Is n a composite number?
True
Suppose 20 = h + 4*h. Suppose 4*v - 5*v + n = -728, -2*v + 1450 = -h*n. Is v composite?
True
Let w = 49 + -49. Suppose 11*z - 1463 - 2024 = w. Is z composite?
False
Suppose 14*n + 300 = 17*n. Suppose 6*u - 2*u - n = 0. Suppose 5*z + 312 = 5*f + 942, -5*f = -u. Is z a composite number?
False
Suppose -p + 10 = -4*x, -4*x - 3 = -2*p + 13. Suppose -p*u + 2569 - 547 = 0. Is u composite?
False
Let s be -3 + (1 + 3)/(-4). Let m be s/6 - (-112)/(-12). Let c(r) = r**3 + 11*r**2 + 4*r - 14. Is c(m) prime?
False
Suppose -4*r + 3660 = 5*l + r, -2202 = -3*l - 5*r. Let b = l + -476. Is b composite?
True
Let t(a) = 12*a**2 + 6*a + 7. Let b = -90 + 64. Let d = 20 + b. Is t(d) prime?
False
Let t be ((-1)/2 + -1)*(-20)/15. Suppose -3*z + 2216 = -3*g - 2764, 0 = 5*z + t*g - 8279. Is z composite?
False
Let a(m) = -m**3 - 11*m**2. Suppose -3*z + 4*c = -5*z - 30, 24 = -2*z - c. Let g be a(z). Suppose k + g*t - 77 = -2*t, -3*t - 15 = 0. Is k a prime number?
False
Let f = 10 - 9. Let m be 0/f*(-6)/(-12). Suppose -190 = -m*k - 2*k. Is k prime?
False
Let c(n) be the first derivative of n**2/2 - 21*n - 10. Let g be c(7). Is 1311/7 + 4/g a prime number?
False
Suppose -4*f + i - 5*i + 728 = 0, -5*i + 162 = f. Is f composite?
True
Let t = -3391 - -13398. Is t a composite number?
False
Let z(w) = -10052*w - 77. Is z(-3) a composite number?
True
Suppose 3*a = 3*v + 10932, a + 7273 = 3*a - 5*v. Is a a prime number?
False
Let s(y) be the first derivative of 67*y**2 - 3*y + 11. Is s(2) composite?
True
Let y be (-23)/7 - (-12)/42. Let l be (y/(-2))/((-6)/12). Is -381*3/(l - 6) composite?
False
Suppose v + 1 + 14 = 2*k, -v = k. Suppose 4